{"id":7581,"date":"2021-11-24T12:32:05","date_gmt":"2021-11-24T11:32:05","guid":{"rendered":"https:\/\/ekon-immogroup.com\/?page_id=7581"},"modified":"2021-12-30T08:36:47","modified_gmt":"2021-12-30T07:36:47","slug":"modularna-gradnja","status":"publish","type":"page","link":"https:\/\/ekon-immogroup.com\/de\/modularna-gradnja\/","title":{"rendered":"Modularer Aufbau"},"content":{"rendered":"<div data-elementor-type=\"wp-page\" data-elementor-id=\"7581\" class=\"elementor elementor-7581\">\n\t\t\t\t\t\t\t        <section class=\"elementor-section elementor-top-section elementor-element elementor-element-59b92e23 elementor-section-boxed elementor-section-height-default elementor-section-height-default\" data-id=\"59b92e23\" data-element_type=\"section\">\n            \n                        <div class=\"elementor-container elementor-column-gap-extended\">\n                    <div class=\"elementor-column elementor-col-100 elementor-top-column elementor-element elementor-element-5c90fbf6\" data-id=\"5c90fbf6\" data-element_type=\"column\">\n            <div class=\"elementor-widget-wrap elementor-element-populated\">\n                        \t\t<div class=\"elementor-element elementor-element-64e7192a elementor-widget elementor-widget-ct_title\" data-id=\"64e7192a\" data-element_type=\"widget\" data-widget_type=\"ct_title.default\">\n\t\t\t\t<div class=\"elementor-widget-container\">\n\t\t\t<div class=\"ct-title1 style2\">\r\n    <h3>\r\n        <span>Das Haus Ihrer Tr\u00e4ume - Ihre Idee ist unsere Verwirklichung <\/span>\r\n        <i><\/i>\r\n    <\/h3>\r\n<\/div>\t\t<\/div>\n\t\t\t\t<\/div>\n\t\t\t\t<div class=\"elementor-element elementor-element-5ce1e8f3 elementor-widget elementor-widget-text-editor\" data-id=\"5ce1e8f3\" data-element_type=\"widget\" data-widget_type=\"text-editor.default\">\n\t\t\t\t<div class=\"elementor-widget-container\">\n\t\t\t<style>\/*! elementor - v3.17.0 - 01-11-2023 *\/\n.elementor-widget-text-editor.elementor-drop-cap-view-stacked .elementor-drop-cap{background-color:#69727d;color:#fff}.elementor-widget-text-editor.elementor-drop-cap-view-framed .elementor-drop-cap{color:#69727d;border:3px solid;background-color:transparent}.elementor-widget-text-editor:not(.elementor-drop-cap-view-default) .elementor-drop-cap{margin-top:8px}.elementor-widget-text-editor:not(.elementor-drop-cap-view-default) .elementor-drop-cap-letter{width:1em;height:1em}.elementor-widget-text-editor .elementor-drop-cap{float:left;text-align:center;line-height:1;font-size:50px}.elementor-widget-text-editor .elementor-drop-cap-letter{display:inline-block}<\/style>\t\t\t\t<p>Wenn Sie ein flexibles Leben f\u00fchren, mobil sind und nicht an Ihren Wohnort gebunden sind, aber dennoch an Ihr selbstgestaltetes Zuhause gebunden sind und es genau dort haben m\u00f6chten, wo Sie sind, dann ist modulares Bauen das Richtige richtige L\u00f6sung f\u00fcr Sie.<\/p><p>Als einer der wenigen k\u00f6nnen wir Ihnen mobile Wohneinheiten anbieten, egal ob komplett fertige Mini-H\u00e4user, Einzimmergeb\u00e4ude, B\u00fcros, Cottages oder doch eine Aufr\u00fcstung Ihres bestehenden Hauses mit einem Modul.<\/p><p>Wir liefern die Module sowohl im Exterieur als auch im Interieur komplett fertig. So ist Ihr neues Zuhause nach der Herstellung in unserer Produktionsst\u00e4tte an nur einem Tag bezugsfertig, da es weitgehend ohne Betonfundamente oder Gel\u00e4ndevorbereitungen auskommt.<\/p><p>Damit haben wir die Fertigteilbauweise noch weiter verbessert, die Projektlaufzeit verk\u00fcrzt und die Energieeffizienzprinzipien, die dieser Bauweise zugrunde liegen, beibehalten.<\/p>\t\t\t\t\t\t<\/div>\n\t\t\t\t<\/div>\n\t\t\t\t<div class=\"elementor-element elementor-element-2b0c6f92 elementor-widget elementor-widget-ct_list\" data-id=\"2b0c6f92\" data-element_type=\"widget\" data-widget_type=\"ct_list.default\">\n\t\t\t\t<div class=\"elementor-widget-container\">\n\t\t\t    <div class=\"ct-list style1\">\r\n                    <div class=\"ct-list-item\" data-wow-delay=\"ms\">\r\n            \t<div class=\"ct-list-icon\"><i class=\"fac fac-check-circle\"><\/i><\/div>\r\n            \t<div class=\"ct-list-meta\">\r\n\t            \t<div class=\"ct-list-desc\">\r\n\t            \t\tUnglaublich kurze Einzugsfrist\t            \t<\/div>\r\n\t            <\/div>\r\n           <\/div>\r\n                    <div class=\"ct-list-item\" data-wow-delay=\"ms\">\r\n            \t<div class=\"ct-list-icon\"><i class=\"fac fac-check-circle\"><\/i><\/div>\r\n            \t<div class=\"ct-list-meta\">\r\n\t            \t<div class=\"ct-list-desc\">\r\n\t            \t\tDer Preis ist niedriger im Vergleich zur klassischen Bauweise \t            \t<\/div>\r\n\t            <\/div>\r\n           <\/div>\r\n                    <div class=\"ct-list-item\" data-wow-delay=\"ms\">\r\n            \t<div class=\"ct-list-icon\"><i class=\"fac fac-check-circle\"><\/i><\/div>\r\n            \t<div class=\"ct-list-meta\">\r\n\t            \t<div class=\"ct-list-desc\">\r\n\t            \t\t\t\u0160irok spektar mogu\u0107nosti materijala i ideja\t            \t<\/div>\r\n\t            <\/div>\r\n           <\/div>\r\n                    <div class=\"ct-list-item\" data-wow-delay=\"ms\">\r\n            \t<div class=\"ct-list-icon\"><i class=\"fac fac-check-circle\"><\/i><\/div>\r\n            \t<div class=\"ct-list-meta\">\r\n\t            \t<div class=\"ct-list-desc\">\r\n\t            \t\tGro\u00dfe Flexibilit\u00e4t und Mobilit\u00e4t\t            \t<\/div>\r\n\t            <\/div>\r\n           <\/div>\r\n            <\/div>\r\n\t\t<\/div>\n\t\t\t\t<\/div>\n\t\t\t\t<div class=\"elementor-element elementor-element-49026336 elementor-widget elementor-widget-ct_gallery_carousel\" data-id=\"49026336\" data-element_type=\"widget\" data-widget_type=\"ct_gallery_carousel.default\">\n\t\t\t\t<div class=\"elementor-widget-container\">\n\t\t\t    <div class=\"ct-gallery-carousel1 ct-slick-slider\">\r\n        <div class=\"ct-carousel-inner\">\r\n            <div class=\"ct-slick-carousel\" data-arrows=\"\" data-dots=\"true\" data-pauseonhover=\"\" data-autoplay=\"true\" data-autoplayspeed=\"5000\" data-infinite=\"\" data-speed=\"500\" data-colxs=\"1\" data-colsm=\"2\" data-colmd=\"2\" data-collg=\"2\" data-colxl=\"2\" data-dir=\"false\" data-slidestoscroll=\"2\">\r\n                                    <div class=\"slick-slide\">\r\n                        <img decoding=\"async\" class=\"\" src=\"https:\/\/ekon-immogroup.com\/wp-content\/uploads\/2020\/03\/modularna-gradnja-475x600.jpg\" width=\"475\" height=\"600\" alt=\"Ekon Immogroup slika modularna gradnja\" title=\"modularna gradnja\" \/>                    <\/div>\r\n                                    <div class=\"slick-slide\">\r\n                        <img decoding=\"async\" class=\"\" src=\"https:\/\/ekon-immogroup.com\/wp-content\/uploads\/2020\/03\/modularna-gradnja-slika-2-475x600.jpg\" width=\"475\" height=\"600\" alt=\"Ekon Immogroup slika modularna gradnja\" title=\"modularna gradnja slika 2\" \/>                    <\/div>\r\n                                    <div class=\"slick-slide\">\r\n                        <img decoding=\"async\" class=\"\" src=\"https:\/\/ekon-immogroup.com\/wp-content\/uploads\/2021\/11\/modularna-gradnja-slika-4-475x480.jpg\" width=\"475\" height=\"480\" alt=\"Ekon Immogroup slika modularna gradnja\" title=\"modularna gradnja slika 4\" \/>                    <\/div>\r\n                            <\/div>\r\n        <\/div>\r\n    <\/div>\r\n\t\t<\/div>\n\t\t\t\t<\/div>\n\t\t\t\t<div class=\"elementor-element elementor-element-594e1ef6 elementor-widget elementor-widget-ct_tabs\" data-id=\"594e1ef6\" data-element_type=\"widget\" data-widget_type=\"ct_tabs.default\">\n\t\t\t\t<div class=\"elementor-widget-container\">\n\t\t\t            <div class=\"ct-tabs ct-tabs--layout1 type-horizontal style1\">\n                <div class=\"ct-tabs-title\">\n                                            <span class=\"ct-tab-title active\" data-target=\"#ct_tabs-594e1ef6-9b25c0b\">\n                                                                                    Spezifikationen        \n                        <\/span>\n                                            <span class=\"ct-tab-title\" data-target=\"#ct_tabs-594e1ef6-4f1a9d6\">\n                                                                                    Materiali        \n                        <\/span>\n                                            <span class=\"ct-tab-title\" data-target=\"#ct_tabs-594e1ef6-d7551e8\">\n                                                                                    Energi eeffizienz        \n                        <\/span>\n                                    <\/div>\n\n                <div class=\"ct-tabs-content\">\n                                            <div class=\"ct-tab-content\" id=\"ct_tabs-594e1ef6-9b25c0b\" style=\"display:block;\"><p>Minimale Abweichungen von der urspr\u00fcnglichen Idee, alles was f\u00fcr uns technisch machbar ist, ist m\u00f6glich. Fertigh\u00e4user haben zahlreiche Vorteile und bieten tolle M\u00f6glichkeiten. Der endg\u00fcltige Plan muss fr\u00fcher angenommen werden, da kein Upgrade m\u00f6glich ist.<\/p><\/div>\n                                            <div class=\"ct-tab-content\" id=\"ct_tabs-594e1ef6-4f1a9d6\"><p>Die Materialien werden nach dem endg\u00fcltig verabschiedeten Plan festgelegt, je nach Idee und technischen Spezifikationen.<\/p><\/div>\n                                            <div class=\"ct-tab-content\" id=\"ct_tabs-594e1ef6-d7551e8\"><p>Fertigh\u00e4user sind komplett umweltfreundlich.<\/p><\/div>\n                                    <\/div>\n            <\/div>\n            \t\t<\/div>\n\t\t\t\t<\/div>\n\t\t            <\/div>\n        <\/div>\n                            <\/div>\n        <\/section>\n        \t\t\t\t\t<\/div>","protected":false},"excerpt":{"rendered":"<p>Ku\u0107a iz Va\u0161ih snova \u2013 Va\u0161a ideja na\u0161a realizacija Ukoliko vodite fleksibilan \u017eivot, mobilni ste i ne ve\u017eete se za mjesto u kojem \u017eivite ali ipak se ve\u017eete za svoj vlastoru\u010dno dizajnirani dom, i \u017eelite da je upravo ondje gdje ste i vi, onda je modularna gradnja pravo rje\u0161enje za Vas. Kao jedni od rijetkih, [&hellip;]<\/p>","protected":false},"author":1,"featured_media":0,"parent":0,"menu_order":0,"comment_status":"closed","ping_status":"closed","template":"","meta":{"footnotes":""},"class_list":["post-7581","page","type-page","status-publish","hentry"],"_links":{"self":[{"href":"https:\/\/ekon-immogroup.com\/de\/wp-json\/wp\/v2\/pages\/7581","targetHints":{"allow":["GET"]}}],"collection":[{"href":"https:\/\/ekon-immogroup.com\/de\/wp-json\/wp\/v2\/pages"}],"about":[{"href":"https:\/\/ekon-immogroup.com\/de\/wp-json\/wp\/v2\/types\/page"}],"author":[{"embeddable":true,"href":"https:\/\/ekon-immogroup.com\/de\/wp-json\/wp\/v2\/users\/1"}],"replies":[{"embeddable":true,"href":"https:\/\/ekon-immogroup.com\/de\/wp-json\/wp\/v2\/comments?post=7581"}],"version-history":[{"count":10,"href":"https:\/\/ekon-immogroup.com\/de\/wp-json\/wp\/v2\/pages\/7581\/revisions"}],"predecessor-version":[{"id":7716,"href":"https:\/\/ekon-immogroup.com\/de\/wp-json\/wp\/v2\/pages\/7581\/revisions\/7716"}],"wp:attachment":[{"href":"https:\/\/ekon-immogroup.com\/de\/wp-json\/wp\/v2\/media?parent=7581"}],"curies":[{"name":"wp","href":"https:\/\/api.w.org\/{rel}","templated":true}]}}

<div data-elementor-type="wp-page" data-elementor-id="7581" class="elementor elementor-7581">
							        <section class="elementor-section elementor-top-section elementor-element elementor-element-59b92e23 elementor-section-boxed elementor-section-height-default elementor-section-height-default" data-id="59b92e23" data-element_type="section">
            
                        <div class="elementor-container elementor-column-gap-extended">
                    <div class="elementor-column elementor-col-100 elementor-top-column elementor-element elementor-element-5c90fbf6" data-id="5c90fbf6" data-element_type="column">
            <div class="elementor-widget-wrap elementor-element-populated">
                        		<div class="elementor-element elementor-element-64e7192a elementor-widget elementor-widget-ct_title" data-id="64e7192a" data-element_type="widget" data-widget_type="ct_title.default">
				<div class="elementor-widget-container">
			<div class="ct-title1 style2">
    <h3>
        <span>Das Haus Ihrer Träume - Ihre Idee ist unsere Verwirklichung </span>
        <i></i>
    </h3>
</div>		</div>
				</div>
				<div class="elementor-element elementor-element-5ce1e8f3 elementor-widget elementor-widget-text-editor" data-id="5ce1e8f3" data-element_type="widget" data-widget_type="text-editor.default">
				<div class="elementor-widget-container">
			<style>/*! elementor - v3.17.0 - 01-11-2023 */
.elementor-widget-text-editor.elementor-drop-cap-view-stacked .elementor-drop-cap{background-color:#69727d;color:#fff}.elementor-widget-text-editor.elementor-drop-cap-view-framed .elementor-drop-cap{color:#69727d;border:3px solid;background-color:transparent}.elementor-widget-text-editor:not(.elementor-drop-cap-view-default) .elementor-drop-cap{margin-top:8px}.elementor-widget-text-editor:not(.elementor-drop-cap-view-default) .elementor-drop-cap-letter{width:1em;height:1em}.elementor-widget-text-editor .elementor-drop-cap{float:left;text-align:center;line-height:1;font-size:50px}.elementor-widget-text-editor .elementor-drop-cap-letter{display:inline-block}</style>				<p>Wenn Sie ein flexibles Leben führen, mobil sind und nicht an Ihren Wohnort gebunden sind, aber dennoch an Ihr selbstgestaltetes Zuhause gebunden sind und es genau dort haben möchten, wo Sie sind, dann ist modulares Bauen das Richtige richtige Lösung für Sie.</p><p>Als einer der wenigen können wir Ihnen mobile Wohneinheiten anbieten, egal ob komplett fertige Mini-Häuser, Einzimmergebäude, Büros, Cottages oder doch eine Aufrüstung Ihres bestehenden Hauses mit einem Modul.</p><p>Wir liefern die Module sowohl im Exterieur als auch im Interieur komplett fertig. So ist Ihr neues Zuhause nach der Herstellung in unserer Produktionsstätte an nur einem Tag bezugsfertig, da es weitgehend ohne Betonfundamente oder Geländevorbereitungen auskommt.</p><p>Damit haben wir die Fertigteilbauweise noch weiter verbessert, die Projektlaufzeit verkürzt und die Energieeffizienzprinzipien, die dieser Bauweise zugrunde liegen, beibehalten.</p>						</div>
				</div>
				<div class="elementor-element elementor-element-2b0c6f92 elementor-widget elementor-widget-ct_list" data-id="2b0c6f92" data-element_type="widget" data-widget_type="ct_list.default">
				<div class="elementor-widget-container">
			    <div class="ct-list style1">
                    <div class="ct-list-item" data-wow-delay="ms">
            	<div class="ct-list-icon"><i class="fac fac-check-circle"></i></div>
            	<div class="ct-list-meta">
	            	<div class="ct-list-desc">
	            		Unglaublich kurze Einzugsfrist	            	</div>
	            </div>
           </div>
                    <div class="ct-list-item" data-wow-delay="ms">
            	<div class="ct-list-icon"><i class="fac fac-check-circle"></i></div>
            	<div class="ct-list-meta">
	            	<div class="ct-list-desc">
	            		Der Preis ist niedriger im Vergleich zur klassischen Bauweise 	            	</div>
	            </div>
           </div>
                    <div class="ct-list-item" data-wow-delay="ms">
            	<div class="ct-list-icon"><i class="fac fac-check-circle"></i></div>
            	<div class="ct-list-meta">
	            	<div class="ct-list-desc">
	            			Širok spektar mogućnosti materijala i ideja	            	</div>
	            </div>
           </div>
                    <div class="ct-list-item" data-wow-delay="ms">
            	<div class="ct-list-icon"><i class="fac fac-check-circle"></i></div>
            	<div class="ct-list-meta">
	            	<div class="ct-list-desc">
	            		Große Flexibilität und Mobilität	            	</div>
	            </div>
           </div>
            </div>
		</div>
				</div>
				<div class="elementor-element elementor-element-49026336 elementor-widget elementor-widget-ct_gallery_carousel" data-id="49026336" data-element_type="widget" data-widget_type="ct_gallery_carousel.default">
				<div class="elementor-widget-container">
			    <div class="ct-gallery-carousel1 ct-slick-slider">
        <div class="ct-carousel-inner">
            <div class="ct-slick-carousel" data-arrows="" data-dots="true" data-pauseonhover="" data-autoplay="true" data-autoplayspeed="5000" data-infinite="" data-speed="500" data-colxs="1" data-colsm="2" data-colmd="2" data-collg="2" data-colxl="2" data-dir="false" data-slidestoscroll="2">
                                    <div class="slick-slide">
                        <img decoding="async" class="" src="https://ekon-immogroup.com/wp-content/uploads/2020/03/modularna-gradnja-475x600.jpg" width="475" height="600" alt="Ekon Immogroup slika modularna gradnja" title="modularna gradnja" />                    </div>
                                    <div class="slick-slide">
                        <img decoding="async" class="" src="https://ekon-immogroup.com/wp-content/uploads/2020/03/modularna-gradnja-slika-2-475x600.jpg" width="475" height="600" alt="Ekon Immogroup slika modularna gradnja" title="modularna gradnja slika 2" />                    </div>
                                    <div class="slick-slide">
                        <img decoding="async" class="" src="https://ekon-immogroup.com/wp-content/uploads/2021/11/modularna-gradnja-slika-4-475x480.jpg" width="475" height="480" alt="Ekon Immogroup slika modularna gradnja" title="modularna gradnja slika 4" />                    </div>
                            </div>
        </div>
    </div>
		</div>
				</div>
				<div class="elementor-element elementor-element-594e1ef6 elementor-widget elementor-widget-ct_tabs" data-id="594e1ef6" data-element_type="widget" data-widget_type="ct_tabs.default">
				<div class="elementor-widget-container">
			            <div class="ct-tabs ct-tabs--layout1 type-horizontal style1">
                <div class="ct-tabs-title">
                                            <span class="ct-tab-title active" data-target="#ct_tabs-594e1ef6-9b25c0b">
                                                                                    Spezifikationen        
                        </span>
                                            <span class="ct-tab-title" data-target="#ct_tabs-594e1ef6-4f1a9d6">
                                                                                    Materiali        
                        </span>
                                            <span class="ct-tab-title" data-target="#ct_tabs-594e1ef6-d7551e8">
                                                                                    Energi eeffizienz        
                        </span>
                                    </div>

                <div class="ct-tabs-content">
                                            <div class="ct-tab-content" id="ct_tabs-594e1ef6-9b25c0b" style="display:block;"><p>Minimale Abweichungen von der ursprünglichen Idee, alles was für uns technisch machbar ist, ist möglich. Fertighäuser haben zahlreiche Vorteile und bieten tolle Möglichkeiten. Der endgültige Plan muss früher angenommen werden, da kein Upgrade möglich ist.</p></div>
                                            <div class="ct-tab-content" id="ct_tabs-594e1ef6-4f1a9d6"><p>Die Materialien werden nach dem endgültig verabschiedeten Plan festgelegt, je nach Idee und technischen Spezifikationen.</p></div>
                                            <div class="ct-tab-content" id="ct_tabs-594e1ef6-d7551e8"><p>Fertighäuser sind komplett umweltfreundlich.</p></div>
                                    </div>
            </div>
            		</div>
				</div>
		            </div>
        </div>
                            </div>
        </section>
        					</div>

<p>Kuća iz Vaših snova – Vaša ideja naša realizacija Ukoliko vodite fleksibilan život, mobilni ste i ne vežete se za mjesto u kojem živite ali ipak se vežete za svoj vlastoručno dizajnirani dom, i želite da je upravo ondje gdje ste i vi, onda je modularna gradnja pravo rješenje za Vas. Kao jedni od rijetkih, [&hellip;]</p>
